{"id":2312,"date":"2022-05-31T13:33:26","date_gmt":"2022-05-31T13:33:26","guid":{"rendered":"https:\/\/prt.az\/?page_id=2312"},"modified":"2022-06-29T08:27:37","modified_gmt":"2022-06-29T08:27:37","slug":"sample-page-4","status":"publish","type":"page","link":"https:\/\/prt.az\/?page_id=2312","title":{"rendered":"Raz\u0131la\u015fd\u0131r\u0131lma"},"content":{"rendered":"<p>[vc_row][vc_column][vc_column_text]<\/p>\n<ul>\n<li>\n<h3><strong>M\u00fcqavil\u0259 \u015f\u0259rtl\u0259rinin ayd\u0131nla\u015fd\u0131r\u0131lmas\u0131<\/strong><\/h3>\n<\/li>\n<li>\n<h3><strong>Konfedensiall\u0131\u011f\u0131n qorunmas\u0131<\/strong><\/h3>\n<\/li>\n<li>\n<h3><strong>R\u0259smi qeydiyyata al\u0131nmas\u0131<\/strong><\/h3>\n<\/li>\n<li>\n<h3><strong>\u015e\u0259rtl\u0259rin icras\u0131<\/strong><\/h3>\n<\/li>\n<\/ul>\n<p>[\/vc_column_text][\/vc_column][\/vc_row]<\/p>\n","protected":false},"excerpt":{"rendered":"<p>[vc_row][vc_column][vc_column_text] M\u00fcqavil\u0259 \u015f\u0259rtl\u0259rinin ayd\u0131nla\u015fd\u0131r\u0131lmas\u0131 Konfedensiall\u0131\u011f\u0131n qorunmas\u0131 R\u0259smi qeydiyyata al\u0131nmas\u0131 \u015e\u0259rtl\u0259rin icras\u0131 [\/vc_column_text][\/vc_column][\/vc_row]<\/p>\n","protected":false},"author":1,"featured_media":0,"parent":0,"menu_order":0,"comment_status":"closed","ping_status":"closed","template":"","meta":{"footnotes":""},"class_list":["post-2312","page","type-page","status-publish","hentry"],"_links":{"self":[{"href":"https:\/\/prt.az\/index.php?rest_route=\/wp\/v2\/pages\/2312","targetHints":{"allow":["GET"]}}],"collection":[{"href":"https:\/\/prt.az\/index.php?rest_route=\/wp\/v2\/pages"}],"about":[{"href":"https:\/\/prt.az\/index.php?rest_route=\/wp\/v2\/types\/page"}],"author":[{"embeddable":true,"href":"https:\/\/prt.az\/index.php?rest_route=\/wp\/v2\/users\/1"}],"replies":[{"embeddable":true,"href":"https:\/\/prt.az\/index.php?rest_route=%2Fwp%2Fv2%2Fcomments&post=2312"}],"version-history":[{"count":8,"href":"https:\/\/prt.az\/index.php?rest_route=\/wp\/v2\/pages\/2312\/revisions"}],"predecessor-version":[{"id":2906,"href":"https:\/\/prt.az\/index.php?rest_route=\/wp\/v2\/pages\/2312\/revisions\/2906"}],"wp:attachment":[{"href":"https:\/\/prt.az\/index.php?rest_route=%2Fwp%2Fv2%2Fmedia&parent=2312"}],"curies":[{"name":"wp","href":"https:\/\/api.w.org\/{rel}","templated":true}]}}