{"id":2596,"date":"2022-06-03T12:57:20","date_gmt":"2022-06-03T12:57:20","guid":{"rendered":"https:\/\/prt.az\/?page_id=2596"},"modified":"2023-04-22T10:26:40","modified_gmt":"2023-04-22T10:26:40","slug":"sample-page-11-2-2","status":"publish","type":"page","link":"https:\/\/prt.az\/?page_id=2596","title":{"rendered":"Videolent Fotolent"},"content":{"rendered":"<p>[vc_row][vc_column][vc_column_text]<\/p>\n<blockquote>\n<ul>\n<li>\n<h4 class=\"title style-scope ytd-video-primary-info-renderer\"><a href=\"https:\/\/www.youtube.com\/watch?v=QH3BKX4F9sU\"><em><strong>\u041f\u0440\u043e\u0431\u043b\u0435\u043c\u044b \u043f\u0440\u0438\u0432\u043b\u0435\u0447\u0435\u043d\u0438\u044f \u043a \u0443\u0433\u043e\u043b\u043e\u0432\u043d\u043e\u0439 \u043e\u0442\u0432\u0435\u0442\u0441\u0442\u0432\u0435\u043d\u043d\u043e\u0441\u0442\u0438 \u0444\u0438\u0437\u0438\u0447\u0435\u0441\u043a\u0438\u0445 \u043b\u0438\u0446 \u0437\u0430 \u0441\u043e\u0432\u0435\u0440\u0448\u0435\u043d\u0438\u0435 \u0432\u043e\u0435\u043d\u043d\u044b\u0445 \u043f\u0440\u0435\u0441\u0442\u0443\u043f\u043b\u0435\u043d\u0438\u0439<\/strong><\/em><\/a><\/h4>\n<\/li>\n<li>\n<h4 class=\"title style-scope ytd-video-primary-info-renderer\"><a href=\"https:\/\/www.youtube.com\/watch?v=3vonYMfZ0KU\"><strong><em>\u041f\u043e\u043b\u043a\u043e\u0432\u043d\u0438\u043a \u044e\u0441\u0442\u0438\u0446\u0438\u0438 \u0440\u0430\u0441\u0441\u043a\u0430\u0437\u0430\u043b \u043e \u0437\u0432\u0435\u0440\u0441\u0442\u0432\u0430\u0445, \u0441\u043e\u0432\u0435\u0440\u0448\u0435\u043d\u043d\u044b\u0445 \u0430\u0440\u043c\u044f\u043d\u0441\u043a\u0438\u043c\u0438 \u0412\u0421 \u0432 \u0425\u043e\u0434\u0436\u0430\u043b\u044b<\/em><\/strong><\/a><\/h4>\n<\/li>\n<li>\n<h4 class=\"title style-scope ytd-video-primary-info-renderer\"><a href=\"https:\/\/www.youtube.com\/watch?v=LE_dJ5VNywk\"><em><strong>Az\u0259rbaycan d\u00f6vl\u0259ti Xocal\u0131 qatill\u0259rinin c\u0259zalanmas\u0131na nail olacaq<\/strong><\/em><\/a><\/h4>\n<\/li>\n<li class=\"title style-scope ytd-video-primary-info-renderer\"><em><em><strong><a href=\"https:\/\/www.youtube.com\/watch?v=dTg9AFe60ms\">\u0410\u0440\u043c\u044f\u043d\u0441\u043a\u0438\u0435 \u043e\u0442\u0440\u044f\u0434\u044b \u0432 \u041a\u0430\u0440\u0430\u0431\u0430\u0445\u0435 \u043f\u0440\u0438\u0437\u043d\u0430\u043b\u0438 \u0430\u0437\u0435\u0440\u0431\u0430\u0439\u0434\u0436\u0430\u043d\u0441\u043a\u043e\u0435 \u043f\u0440\u0430\u0432\u0438\u0442\u0435\u043b\u044c\u0441\u0442\u0432\u043e. \u0418\u0441\u0442\u043e\u0440\u0438\u044f \u0412\u0421 \u0410\u0437\u0435\u0440\u0431\u0430\u0439\u0434\u0436\u0430\u043d\u0430<\/a><\/strong><\/em><\/em><\/li>\n<li><em><strong><a href=\"https:\/\/www.youtube.com\/watch?v=RVzvP83rCWw\">\u041f\u0420\u0415\u0414\u0423\u041f\u0420\u0415\u0416\u0414\u0415\u041d\u0418\u0415 \u0434\u043b\u044f \u0430\u0440\u043c\u044f\u043d \u0432 \u041a\u0430\u0440\u0430\u0431\u0430\u0445\u0435: \u041b\u0438\u0431\u043e \u0433\u0440\u0430\u0436\u0434\u0430\u043d\u0441\u0442\u0432\u043e \u0410\u0437\u0435\u0440\u0431\u0430\u0439\u0434\u0436\u0430\u043d\u0430, \u043b\u0438\u0431\u043e \u0434\u0440\u0443\u0433\u043e\u0435 \u043c\u0435\u0441\u0442\u043e \u0436\u0438\u0442\u0435\u043b\u044c\u0441\u0442\u0432\u0430<\/a><\/strong><\/em><\/li>\n<li>\n<h4 class=\"style-scope ytd-watch-metadata\"><a href=\"https:\/\/www.youtube.com\/watch?v=LaqhkT9dNGQ\"><em><strong>\u041f\u043e\u043b\u043a\u043e\u0432\u043d\u0438\u043a \u044e\u0441\u0442\u0438\u0446\u0438\u0438: \u0410\u0440\u043c\u0435\u043d\u0438\u044f \u0434\u043e\u043b\u0436\u043d\u0430 \u043e\u0442\u0432\u0435\u0442\u0438\u0442\u044c \u0437\u0430 \u0437\u0432\u0435\u0440\u0441\u0442\u0432\u0430 \u0441\u0432\u043e\u0438\u0445 \u0432\u043e\u0435\u043d\u043d\u044b\u0445<\/strong><\/em><\/a><\/h4>\n<\/li>\n<li>\n<h4 class=\"style-scope ytd-watch-metadata\"><a href=\"https:\/\/www.youtube.com\/watch?v=8mk7w-hJp6A\"><em><strong>\u041a\u0440\u043e\u0432\u0430\u0432\u044b\u0439 \u044f\u043d\u0432\u0430\u0440\u044c: \u043f\u0440\u0435\u0441\u0442\u0443\u043f\u043b\u0435\u043d\u0438\u0435 \u0431\u0435\u0437 \u0441\u0440\u043e\u043a\u0430 \u0434\u0430\u0432\u043d\u043e\u0441\u0442\u0438<\/strong><\/em><\/a><\/h4>\n<\/li>\n<li>\n<h4><a href=\"https:\/\/www.aa.com.tr\/tr\/dunya\/hocali-katliamini-sorusturan-savci-memmedov-hukuki-acidan-soykirim-sucunun-islendigini-goruyoruz\/2831372\"><strong><em>Hocal\u0131 Katliam\u0131&#8217;n\u0131 soru\u015fturan savc\u0131 Memmedov: Hukuki a\u00e7\u0131dan soyk\u0131r\u0131m su\u00e7unun i\u015flendi\u011fini g\u00f6r\u00fcyoruz<\/em><\/strong><\/a><\/h4>\n<\/li>\n<li>\n<h4 class=\"entry-title\" title=\"\u0410\u0440\u043c\u044f\u043d\u0435 \u0437\u043d\u0430\u044e\u0442 \u043b\u0443\u0447\u0448\u0435 \u041b\u0435\u043c\u043a\u0438\u043d\u0430, \u0447\u0442\u043e \u043b\u0435\u0436\u0430\u043b\u043e \u0432 \u043e\u0441\u043d\u043e\u0432\u0435 \u0440\u0430\u0437\u0440\u0430\u0431\u043e\u0442\u043a\u0438 \u043c\u0435\u0436\u0434\u0443\u043d\u0430\u0440\u043e\u0434\u043d\u043e\u0439 \u043a\u043e\u043d\u0432\u0435\u043d\u0446\u0438\u0438\"><a href=\"https:\/\/minval.az\/news\/124317482\"><em><strong>\u0410\u0440\u043c\u044f\u043d\u0435 \u0437\u043d\u0430\u044e\u0442 \u043b\u0443\u0447\u0448\u0435 \u041b\u0435\u043c\u043a\u0438\u043d\u0430, \u0447\u0442\u043e \u043b\u0435\u0436\u0430\u043b\u043e \u0432 \u043e\u0441\u043d\u043e\u0432\u0435 \u0440\u0430\u0437\u0440\u0430\u0431\u043e\u0442\u043a\u0438 \u043c\u0435\u0436\u0434\u0443\u043d\u0430\u0440\u043e\u0434\u043d\u043e\u0439 \u043a\u043e\u043d\u0432\u0435\u043d\u0446\u0438\u0438<\/strong><\/em><\/a><\/h4>\n<\/li>\n<li>\n<h4><a href=\"https:\/\/www.aa.com.tr\/ru\/%d0%bf%d0%be%d0%bb%d0%b8%d1%82%d0%b8%d0%ba%d0%b0\/%d1%85%d1%83%d0%bb%d1%83%d1%81%d0%b8-%d0%b0%d0%ba%d0%b0%d1%80-%d0%b8%d1%81%d0%ba%d0%b0%d0%b6%d0%b5%d0%bd%d0%b8%d0%b5-%d1%81%d0%be%d0%b1%d1%8b%d1%82%d0%b8%d0%b9-1915-%d0%b3%d0%be%d0%b4%d0%b0-%d0%bd%d0%b5%d0%b4%d0%be%d0%bf%d1%83%d1%81%d1%82%d0%b8%d0%bc%d0%be\/2864423\"><strong><em>\u0425\u0443\u043b\u0443\u0441\u0438 \u0410\u043a\u0430\u0440: \u0418\u0441\u043a\u0430\u0436\u0435\u043d\u0438\u0435 \u0441\u043e\u0431\u044b\u0442\u0438\u0439 1915 \u0433\u043e\u0434\u0430 \u043d\u0435\u0434\u043e\u043f\u0443\u0441\u0442\u0438\u043c\u043e<\/em><\/strong><\/a><\/h4>\n<\/li>\n<li>\n<h4 class=\"entry-title\" title=\"\u042d\u043a\u0441-\u0441\u043b\u0435\u0434\u043e\u0432\u0430\u0442\u0435\u043b\u044c: \u0414\u043b\u044f \u0443\u0441\u0442\u0440\u0430\u0448\u0435\u043d\u0438\u044f \u0413\u0435\u0439\u0434\u0430\u0440\u0430 \u0410\u043b\u0438\u0435\u0432\u0430 \u0431\u044b\u043b\u0438 \u0443\u0431\u0438\u0442\u044b \u0410\u0436\u0434\u0430\u0440 \u0425\u0430\u043d\u0431\u0430\u0431\u0430\u0435\u0432 \u0438 \u0422\u0435\u043b\u044c\u043c\u0430\u043d \u0413\u0443\u0440\u0431\u0430\u043d\u043e\u0432\"><a href=\"https:\/\/minval.az\/news\/124300950\"><strong><em>\u042d\u043a\u0441-\u0441\u043b\u0435\u0434\u043e\u0432\u0430\u0442\u0435\u043b\u044c: \u0414\u043b\u044f \u0443\u0441\u0442\u0440\u0430\u0448\u0435\u043d\u0438\u044f \u0413\u0435\u0439\u0434\u0430\u0440\u0430 \u0410\u043b\u0438\u0435\u0432\u0430 \u0431\u044b\u043b\u0438 \u0443\u0431\u0438\u0442\u044b \u0410\u0436\u0434\u0430\u0440 \u0425\u0430\u043d\u0431\u0430\u0431\u0430\u0435\u0432 \u0438 \u0422\u0435\u043b\u044c\u043c\u0430\u043d \u0413\u0443\u0440\u0431\u0430\u043d\u043e\u0432<\/em><\/strong><\/a><\/h4>\n<\/li>\n<li>\n<h4 class=\"style-scope ytd-watch-metadata\"><a href=\"https:\/\/www.youtube.com\/watch?v=eiUivensg70\"><em><strong>XOCALI SOYQIRIMI: H\u018fRBI PROKUROR \u0130LHAM M\u018fMM\u018fDOV<\/strong><\/em><\/a><\/h4>\n<\/li>\n<li>\n<h4 class=\"style-scope ytd-watch-metadata\"><a href=\"https:\/\/www.youtube.com\/watch?v=UurhXveoGOk\"><strong><em>Xocal\u0131 c\u0259lladlar\u0131n\u0131n c\u0259zaland\u0131r\u0131lacaqlar\u0131 g\u00fcn uzaqda deyil: \u0130nterpola hans\u0131 s\u0259n\u0259dl\u0259r verilib?<\/em><\/strong><\/a><\/h4>\n<\/li>\n<li><\/li>\n<\/ul>\n<\/blockquote>\n<p>[\/vc_column_text][\/vc_column][\/vc_row][vc_row][vc_column][\/vc_column][\/vc_row]<\/p>\n","protected":false},"excerpt":{"rendered":"<p>[vc_row][vc_column][vc_column_text] \u041f\u0440\u043e\u0431\u043b\u0435\u043c\u044b \u043f\u0440\u0438\u0432\u043b\u0435\u0447\u0435\u043d\u0438\u044f \u043a \u0443\u0433\u043e\u043b\u043e\u0432\u043d\u043e\u0439 \u043e\u0442\u0432\u0435\u0442\u0441\u0442\u0432\u0435\u043d\u043d\u043e\u0441\u0442\u0438 \u0444\u0438\u0437\u0438\u0447\u0435\u0441\u043a\u0438\u0445 \u043b\u0438\u0446 \u0437\u0430 \u0441\u043e\u0432\u0435\u0440\u0448\u0435\u043d\u0438\u0435 \u0432\u043e\u0435\u043d\u043d\u044b\u0445 \u043f\u0440\u0435\u0441\u0442\u0443\u043f\u043b\u0435\u043d\u0438\u0439 \u041f\u043e\u043b\u043a\u043e\u0432\u043d\u0438\u043a \u044e\u0441\u0442\u0438\u0446\u0438\u0438 \u0440\u0430\u0441\u0441\u043a\u0430\u0437\u0430\u043b \u043e \u0437\u0432\u0435\u0440\u0441\u0442\u0432\u0430\u0445, \u0441\u043e\u0432\u0435\u0440\u0448\u0435\u043d\u043d\u044b\u0445 \u0430\u0440\u043c\u044f\u043d\u0441\u043a\u0438\u043c\u0438 \u0412\u0421 \u0432 \u0425\u043e\u0434\u0436\u0430\u043b\u044b Az\u0259rbaycan d\u00f6vl\u0259ti Xocal\u0131 qatill\u0259rinin c\u0259zalanmas\u0131na nail olacaq \u0410\u0440\u043c\u044f\u043d\u0441\u043a\u0438\u0435 \u043e\u0442\u0440\u044f\u0434\u044b \u0432 \u041a\u0430\u0440\u0430\u0431\u0430\u0445\u0435 \u043f\u0440\u0438\u0437\u043d\u0430\u043b\u0438 \u0430\u0437\u0435\u0440\u0431\u0430\u0439\u0434\u0436\u0430\u043d\u0441\u043a\u043e\u0435 \u043f\u0440\u0430\u0432\u0438\u0442\u0435\u043b\u044c\u0441\u0442\u0432\u043e. \u0418\u0441\u0442\u043e\u0440\u0438\u044f \u0412\u0421 \u0410\u0437\u0435\u0440\u0431\u0430\u0439\u0434\u0436\u0430\u043d\u0430 \u041f\u0420\u0415\u0414\u0423\u041f\u0420\u0415\u0416\u0414\u0415\u041d\u0418\u0415 \u0434\u043b\u044f \u0430\u0440\u043c\u044f\u043d \u0432 \u041a\u0430\u0440\u0430\u0431\u0430\u0445\u0435: \u041b\u0438\u0431\u043e \u0433\u0440\u0430\u0436\u0434\u0430\u043d\u0441\u0442\u0432\u043e \u0410\u0437\u0435\u0440\u0431\u0430\u0439\u0434\u0436\u0430\u043d\u0430, \u043b\u0438\u0431\u043e \u0434\u0440\u0443\u0433\u043e\u0435 \u043c\u0435\u0441\u0442\u043e \u0436\u0438\u0442\u0435\u043b\u044c\u0441\u0442\u0432\u0430 \u041f\u043e\u043b\u043a\u043e\u0432\u043d\u0438\u043a \u044e\u0441\u0442\u0438\u0446\u0438\u0438: \u0410\u0440\u043c\u0435\u043d\u0438\u044f \u0434\u043e\u043b\u0436\u043d\u0430 [&hellip;]<\/p>\n","protected":false},"author":1,"featured_media":0,"parent":0,"menu_order":0,"comment_status":"closed","ping_status":"closed","template":"","meta":{"footnotes":""},"class_list":["post-2596","page","type-page","status-publish","hentry"],"_links":{"self":[{"href":"https:\/\/prt.az\/index.php?rest_route=\/wp\/v2\/pages\/2596","targetHints":{"allow":["GET"]}}],"collection":[{"href":"https:\/\/prt.az\/index.php?rest_route=\/wp\/v2\/pages"}],"about":[{"href":"https:\/\/prt.az\/index.php?rest_route=\/wp\/v2\/types\/page"}],"author":[{"embeddable":true,"href":"https:\/\/prt.az\/index.php?rest_route=\/wp\/v2\/users\/1"}],"replies":[{"embeddable":true,"href":"https:\/\/prt.az\/index.php?rest_route=%2Fwp%2Fv2%2Fcomments&post=2596"}],"version-history":[{"count":15,"href":"https:\/\/prt.az\/index.php?rest_route=\/wp\/v2\/pages\/2596\/revisions"}],"predecessor-version":[{"id":2892,"href":"https:\/\/prt.az\/index.php?rest_route=\/wp\/v2\/pages\/2596\/revisions\/2892"}],"wp:attachment":[{"href":"https:\/\/prt.az\/index.php?rest_route=%2Fwp%2Fv2%2Fmedia&parent=2596"}],"curies":[{"name":"wp","href":"https:\/\/api.w.org\/{rel}","templated":true}]}}