{"id":2817,"date":"2022-06-22T08:48:06","date_gmt":"2022-06-22T08:48:06","guid":{"rendered":"https:\/\/prt.az\/?page_id=2817"},"modified":"2022-06-22T08:49:13","modified_gmt":"2022-06-22T08:49:13","slug":"sample-page-3-2","status":"publish","type":"page","link":"https:\/\/prt.az\/?page_id=2817","title":{"rendered":"\u018fM\u018fY\u0130N M\u00dcHAF\u0130Z\u018fS\u0130 \u00dcZR\u018f S\u018fN\u018fDL\u018fR PAKET\u0130N\u0130N M\u018fZMUNU"},"content":{"rendered":"<p>[vc_row][vc_column][vc_column_text]<\/p>\n<blockquote>\n<h4 style=\"text-align: left;\"><strong><u>\u018fM\u018fY\u0130N M\u00dcHAF\u0130Z\u018fS\u0130 \u00dcZR\u018f S\u018fN\u018fDL\u018fR PAKET\u0130N\u0130N M\u018fZMUNU. <\/u><\/strong><\/h4>\n<h4 style=\"text-align: left;\"><\/h4>\n<h4 style=\"text-align: left;\"><strong><u>B\u00f6lm\u0259 1. \u018fm\u0259yin M\u00fchafiz\u0259si \u00fczr\u0259 \u0259mrl\u0259r:<\/u><\/strong><\/h4>\n<ol style=\"text-align: left;\">\n<li>\n<h4>\u018fm\u0259yin M\u00fchafiz\u0259si \u00fczr\u0259 m\u00fcv\u0259kkilin (m\u0259sul \u015f\u0259xsin) t\u0259yin edilm\u0259si haqq\u0131nda \u0259mrin layih\u0259si;<\/h4>\n<\/li>\n<li>\n<h4>\u018fm\u0259yin m\u00fchafiz\u0259si t\u0259l\u0259bl\u0259ri \u00fczr\u0259 bilikl\u0259rin yoxlan\u0131lmas\u0131 \u00fczr\u0259 komissiyan\u0131n yarad\u0131lmas\u0131 haqq\u0131nda \u0259mrin, protokollar\u0131n v\u0259 s. s\u0259n\u0259dl\u0259rin layih\u0259si;<\/h4>\n<\/li>\n<li>\n<h4>Orta s\u0259viyy\u0259li r\u0259hb\u0259rl\u0259rl\u0259 v\u0259 ba\u015f m\u00fct\u0259x\u0259ssisl\u0259rl\u0259 \u0259m\u0259yin m\u00fchafiz\u0259si v\u0259 ilk yard\u0131m\u0131n g\u00f6st\u0259rilm\u0259si \u00fczr\u0259 t\u0259limin ke\u00e7irilm\u0259si haqq\u0131nda \u0259mr layih\u0259si;<\/h4>\n<\/li>\n<li>\n<h4>\u018fm\u0259yin m\u00fchafiz\u0259si i\u015finin t\u0259\u015fkili haqq\u0131nda \u0259mr layih\u0259si;<\/h4>\n<\/li>\n<li>\n<h4>\u0130\u015f yerind\u0259 \u0259m\u0259yin m\u00fchafiz\u0259si \u00fczr\u0259 ilkin t\u0259limat\u0131n ke\u00e7irilm\u0259sind\u0259n azad etm\u0259 haqq\u0131nda \u0259mrin v\u0259 siyah\u0131n\u0131n layih\u0259si;<\/h4>\n<\/li>\n<li>\n<h4>T\u0259\u015fkilat\u0131n i\u015f\u00e7il\u0259rin\u0259 \u0259m\u0259yin m\u00fchafiz\u0259si v\u0259 ilk yard\u0131m\u0131n g\u00f6st\u0259rilm\u0259si \u00fczr\u0259 t\u0259limin ke\u00e7irilm\u0259si haqq\u0131nda \u0259mr layih\u0259si;<\/h4>\n<\/li>\n<li>\n<h4>\u018fm\u0259yin m\u00fchafiz\u0259si \u00fczr\u0259 t\u0259limatlar\u0131n haz\u0131rlanmas\u0131 haqq\u0131nda \u0259mr layih\u0259si;<\/h4>\n<\/li>\n<li>\n<h4>\u018fm\u0259yin m\u00fchafiz\u0259si \u00fczr\u0259 t\u0259limatlar\u0131n q\u00fcvv\u0259y\u0259 minm\u0259sin\u0259 dair \u0259mr layih\u0259si;<\/h4>\n<\/li>\n<li>\n<h4>\u018fm\u0259yin m\u00fchafiz\u0259si v\u0259ziyy\u0259tin\u0259 v\u0259 \u015f\u0259rtl\u0259rin\u0259 n\u0259zar\u0259tin t\u0259\u015fkili haqq\u0131nda \u0259mr layih\u0259si;<\/h4>\n<\/li>\n<li>\n<h4>Bina v\u0259 qur\u011fular\u0131n t\u0259hl\u00fck\u0259siz istismar\u0131n\u0131n t\u0259min edilm\u0259si haqq\u0131nda \u0259mr layih\u0259si;<\/h4>\n<\/li>\n<li>\n<h4>Elektrik t\u0259s\u0259rr\u00fcfat\u0131 \u00fc\u00e7\u00fcn m\u0259sul \u015f\u0259xsin t\u0259yin edilm\u0259si haqq\u0131nda \u0259mrin layih\u0259si.<\/h4>\n<\/li>\n<li>\n<h4>Qaz t\u0259s\u0259rr\u00fcfat\u0131na m\u0259sul \u015f\u0259xsin t\u0259yin edilm\u0259si haqq\u0131nda \u0259mrin layih\u0259si.<\/h4>\n<\/li>\n<li>\n<h4>Yan\u011f\u0131n t\u0259hl\u00fck\u0259sizliyin\u0259 m\u0259sul \u015f\u0259xsin t\u0259yin edilm\u0259si haqq\u0131nda \u0259mrin layih\u0259si.<\/h4>\n<\/li>\n<li>\n<h4>Radiasiya t\u0259hl\u00fck\u0259sizliyin\u0259 m\u0259sul \u015f\u0259xsin t\u0259yin edilm\u0259si haqq\u0131nda \u0259mrin layih\u0259si.<\/h4>\n<\/li>\n<li>\n<h4>Avadanl\u0131qlar\u0131n texniki c\u0259h\u0259td\u0259n t\u0259hl\u00fck\u0259siz v\u0259ziyy\u0259td\u0259 olmas\u0131na m\u0259sul \u015f\u0259xsin t\u0259yin edilm\u0259si haqq\u0131nda \u0259mrin layih\u0259si.<\/h4>\n<\/li>\n<li>\n<h4>Da\u015f\u0131y\u0131c\u0131 v\u0259 qoruyucu konstruksiyalar\u0131n t\u0259hl\u00fck\u0259siz v\u0259ziyy\u0259tin\u0259 g\u00f6r\u0259 m\u0259sul \u015f\u0259xsin t\u0259yin edilm\u0259si haqq\u0131nda \u0259mrin layih\u0259si.<\/h4>\n<\/li>\n<li>\n<h4>D\u00f6vr\u00fc tibbi m\u00fcayin\u0259nin ke\u00e7irilm\u0259si bar\u0259d\u0259 \u0259mrin layih\u0259si.<\/h4>\n<\/li>\n<li>\n<h4>\u018fm\u0259yin M\u00fchafiz\u0259si \u00fczr\u0259 v\u0259zif\u0259l\u0259rin b\u00f6l\u00fc\u015fd\u00fcr\u00fclm\u0259si bar\u0259d\u0259 \u0259mrin layih\u0259si.<\/h4>\n<\/li>\n<\/ol>\n<h4 style=\"text-align: left;\"><strong><u>B\u00f6lm\u0259 2. T\u0259limatlar v\u0259 \u0259m\u0259yin m\u00fchafiz\u0259si \u00fczr\u0259 t\u0259lim proqramlar:<\/u><\/strong><\/h4>\n<ol style=\"text-align: left;\">\n<li>\n<h4>\u018fm\u0259yin m\u00fchafiz\u0259si \u00fczr\u0259 giri\u015f t\u0259limat\u0131n\u0131n proqram\u0131;<\/h4>\n<\/li>\n<li>\n<h4>\u0130\u015f yerind\u0259 ilkin t\u0259limat\u0131n ke\u00e7irilm\u0259si proqram\u0131;<\/h4>\n<\/li>\n<li>\n<h4>B\u0259db\u0259xt hadis\u0259l\u0259r zaman\u0131 m\u00fc\u0259ssis\u0259 i\u015f\u00e7il\u0259rinin z\u0259r\u0259r\u00e7\u0259k\u0259nl\u0259r\u0259 ilk yard\u0131m g\u00f6st\u0259rilm\u0259sinin t\u0259limi proqram\u0131;<\/h4>\n<\/li>\n<li>\n<h4>\u018fsas m\u00fct\u0259x\u0259ssisl\u0259r v\u0259 orta s\u0259viyy\u0259li r\u0259hb\u0259rl\u0259r \u00fc\u00e7\u00fcn \u0259m\u0259yin m\u00fchafiz\u0259si m\u0259s\u0259l\u0259l\u0259ri \u00fczr\u0259 t\u0259lim proqram\u0131;<\/h4>\n<\/li>\n<li>\n<h4>\u0130nzibati hey\u0259t \u00fc\u00e7\u00fcn \u0259m\u0259yin m\u00fchafiz\u0259si m\u0259s\u0259l\u0259l\u0259ri \u00fczr\u0259 t\u0259lim proqram\u0131.<\/h4>\n<\/li>\n<\/ol>\n<h4 style=\"text-align: left;\"><strong><u>B\u00f6lm\u0259 3. \u018fm\u0259yin m\u00fchafiz\u0259si t\u0259limatlar:<\/u><\/strong><\/h4>\n<ol style=\"text-align: left;\">\n<li>\n<h4>M\u00fc\u0259ssis\u0259d\u0259 f\u0259aliyy\u0259t g\u00f6st\u0259r\u0259n t\u0259limatlar\u0131n \u00fcmumi siyah\u0131s\u0131;<\/h4>\n<\/li>\n<li>\n<h4>Giri\u015f t\u0259limat\u0131n\u0131n ke\u00e7irilm\u0259si \u00fc\u00e7\u00fcn \u0259m\u0259yin m\u00fchafiz\u0259si \u00fczr\u0259 1 sayl\u0131 t\u0259limat;<\/h4>\n<\/li>\n<li>\n<h4>B\u0259db\u0259xt hadis\u0259l\u0259rl\u0259 \u0259laq\u0259dar z\u0259r\u0259r \u00e7\u0259kmi\u015f \u015f\u0259xsl\u0259r\u0259 ilk yard\u0131m\u0131n g\u00f6st\u0259rilm\u0259si \u00fczr\u0259 2 sayl\u0131 t\u0259limat;<\/h4>\n<\/li>\n<li>\n<h4>Yan\u011f\u0131n t\u0259hl\u00fck\u0259sizliyi \u00fczr\u0259 giri\u015f t\u0259limat\u0131n\u0131n ke\u00e7irilm\u0259si \u00fczr\u0259 3 sayl\u0131 t\u0259limat;<\/h4>\n<\/li>\n<li>\n<h4>Elektrik t\u0259hl\u00fck\u0259sizliyi \u00fczr\u0259 I qrupun m\u0259nims\u0259nilm\u0259si \u00fc\u00e7\u00fcn qeyri-elektrotexniki hey\u0259tin t\u0259limatland\u0131r\u0131lmas\u0131na dair 4 sayl\u0131 t\u0259limat;<\/h4>\n<\/li>\n<li>\n<h4>F\u0259rdi kompyuterl\u0259rin istifad\u0259\u00e7il\u0259ri \u00fc\u00e7\u00fcn \u0259m\u0259yin m\u00fchafiz\u0259si \u00fczr\u0259 5 sayl\u0131 t\u0259limat ;<\/h4>\n<\/li>\n<li>\n<h4>T\u0259\u015fkilat\u0131n \u0259razisind\u0259n k\u0259narda i\u015fl\u0259y\u0259rk\u0259n \u0259m\u0259yin m\u00fchafiz\u0259si \u00fc\u00e7\u00fcn 6 sayl\u0131 t\u0259limat.<\/h4>\n<\/li>\n<li>\n<h4>Dig\u0259r t\u0259limatlar (i\u015f\u00e7il\u0259rin pe\u015f\u0259l\u0259rind\u0259n v\u0259 g\u00f6r\u00fcl\u0259n i\u015fin n\u00f6vl\u0259rind\u0259n as\u0131l\u0131 olaraq).<\/h4>\n<\/li>\n<\/ol>\n<h4 style=\"text-align: left;\"><strong><u>B\u00f6lm\u0259 4. Tibbi m\u00fcayin\u0259l\u0259r:<\/u><\/strong><\/h4>\n<ol style=\"text-align: left;\">\n<li>\n<h4>\u0130lkin v\u0259 d\u00f6vri tibbi m\u00fcayin\u0259d\u0259n ke\u00e7m\u0259li olan \u015f\u0259xsl\u0259rin siyah\u0131s\u0131;<\/h4>\n<\/li>\n<li>\n<h4>Tibbi m\u00fcayin\u0259l\u0259r \u00fc\u00e7\u00fcn g\u00f6nd\u0259ri\u015fin formas\u0131;<\/h4>\n<\/li>\n<li>\n<h4>M\u0259cburi d\u00f6vri tibbi m\u00fcayin\u0259d\u0259n ke\u00e7m\u0259li olan \u015f\u0259xsl\u0259rin m\u00fc\u0259yy\u0259n edilmi\u015f siyah\u0131s\u0131 blank\u0131;<\/h4>\n<\/li>\n<li>\n<h4>D\u00f6vri tibbi m\u00fcayin\u0259nin apar\u0131lmas\u0131 \u00fc\u00e7\u00fcn \u0259mr v\u0259 siyah\u0131n\u0131n t\u0259sdiqi.<\/h4>\n<\/li>\n<\/ol>\n<h4 style=\"text-align: left;\"><strong><u>B\u00f6lm\u0259 5. Elektrik t\u0259hl\u00fck\u0259sizliyi.<\/u><\/strong><\/h4>\n<ol style=\"text-align: left;\">\n<li>\n<h4>Elektrik t\u0259hl\u00fck\u0259sizliyi \u00fc\u00e7\u00fcn I qrupun t\u0259yin edilm\u0259sini t\u0259l\u0259b ed\u0259n v\u0259zif\u0259l\u0259rin v\u0259 pe\u015f\u0259l\u0259rin siyah\u0131s\u0131.<\/h4>\n<\/li>\n<\/ol>\n<h4 style=\"text-align: left;\"><strong><u>B\u00f6lm\u0259 6. \u018fm\u0259yin m\u00fchafiz\u0259si i\u015finin t\u0259\u015fkili \u00fczr\u0259 s\u0259n\u0259dl\u0259r:<\/u><\/strong><\/h4>\n<ol style=\"text-align: left;\">\n<li>\n<h4>\u018fm\u0259yin m\u00fchafiz\u0259si \u00fczr\u0259 m\u00fct\u0259x\u0259ssisin v\u0259zif\u0259 t\u0259limat\u0131;<\/h4>\n<\/li>\n<li>\n<h4>Orta s\u0259viyy\u0259li r\u0259hb\u0259rl\u0259rin v\u0259 ba\u015f m\u00fct\u0259x\u0259ssisl\u0259rin \u0259m\u0259yin m\u00fchafiz\u0259si t\u0259l\u0259bl\u0259rinin yoxlan\u0131lma protokolunun n\u00fcmun\u0259si;<\/h4>\n<\/li>\n<li>\n<h4>\u018fm\u0259yin m\u00fchafiz\u0259si t\u0259l\u0259bl\u0259ri \u00fczr\u0259 bilikl\u0259rinin yoxlanmas\u0131 haqq\u0131nda v\u0259siq\u0259 blank\u0131;<\/h4>\n<\/li>\n<li>\n<h4>Z\u0259r\u0259r\u00e7\u0259k\u0259nl\u0259r\u0259 ilk yard\u0131m\u0131n g\u00f6st\u0259rilm\u0259si \u00fczr\u0259 bilikl\u0259rin yoxlan\u0131lmas\u0131 protokolunun n\u00fcmun\u0259si;<\/h4>\n<\/li>\n<li>\n<h4>T\u0259\u015fkilat\u0131n i\u015f\u00e7il\u0259rinin \u0259m\u0259yin m\u00fchafiz\u0259si t\u0259l\u0259bl\u0259ri \u00fczr\u0259 bilikl\u0259rinin yoxlan\u0131lmas\u0131 protokolunun n\u00fcmun\u0259si;<\/h4>\n<\/li>\n<li>\n<h4>\u0130\u015f \u015f\u0259raitinin v\u0259 \u0259m\u0259yin m\u00fchafiz\u0259sinin yax\u015f\u0131la\u015fd\u0131r\u0131lmas\u0131 \u00fczr\u0259 t\u0259dbirl\u0259r plan\u0131n\u0131n layih\u0259si;<\/h4>\n<\/li>\n<li>\n<h4>\u0130\u015f \u015f\u0259raitinin v\u0259 \u0259m\u0259yin m\u00fchafiz\u0259sinin yax\u015f\u0131la\u015fd\u0131r\u0131lmas\u0131 \u00fczr\u0259 t\u0259dbirl\u0259rin maliyy\u0259l\u0259\u015fdirilm\u0259si plan\u0131n\u0131n layih\u0259si.<\/h4>\n<\/li>\n<\/ol>\n<h4 style=\"text-align: left;\"><strong><u>B\u00f6lm\u0259 7. \u018fm\u0259yin m\u00fchafiz\u0259si \u00fczr\u0259 jurnallar:<\/u><\/strong><\/h4>\n<ol style=\"text-align: left;\">\n<li>\n<h4>\u018fm\u0259yin M\u00fchafiz\u0259si \u00fczr\u0259 giri\u015f t\u0259limat\u0131n\u0131n qeydiyyat jurnal\u0131n\u0131n formas\u0131;<\/h4>\n<\/li>\n<li>\n<h4>\u018fm\u0259yin M\u00fchafiz\u0259si \u00fczr\u0259 i\u015f yerind\u0259 t\u0259limatland\u0131rman\u0131n qeydiyyat jurnal\u0131n\u0131n formas\u0131;<\/h4>\n<\/li>\n<li>\n<h4>\u018fm\u0259yin M\u00fchafiz\u0259si \u00fczr\u0259 t\u0259limatlar\u0131n u\u00e7otu jurnal\u0131n\u0131n formas\u0131;<\/h4>\n<\/li>\n<li>\n<h4>\u018fm\u0259yin M\u00fchafiz\u0259si \u00fczr\u0259 t\u0259limatlar\u0131n verilm\u0259sinin u\u00e7otu jurnal\u0131n\u0131n formas\u0131;<\/h4>\n<\/li>\n<li>\n<h4>Bina v\u0259 qur\u011fular\u0131n texniki istismar\u0131na dair jurnal\u0131n formas\u0131;<\/h4>\n<\/li>\n<li>\n<h4>Veril\u0259n tap\u015f\u0131r\u0131q-burax\u0131l\u0131\u015flar\u0131n u\u00e7otu jurnal\u0131n\u0131n formas\u0131;<\/h4>\n<\/li>\n<li>\n<h4>Elektrik t\u0259hl\u00fck\u0259sizliyi \u00fczr\u0259 I qrupun t\u0259yin edilm\u0259si \u00fc\u00e7\u00fcn qeydiyyat jurnal\u0131n\u0131n formas\u0131;<\/h4>\n<\/li>\n<li>\n<h4>H\u00fcquqi \u015f\u0259xsin, f\u0259rdi sahibkar\u0131n d\u00f6vl\u0259t n\u0259zar\u0259ti (n\u0259zar\u0259t) orqanlar\u0131, b\u0259l\u0259diyy\u0259 n\u0259zar\u0259ti orqanlar\u0131 t\u0259r\u0259find\u0259n apar\u0131lan yoxlamalar\u0131n u\u00e7otu jurnal\u0131n\u0131n formas\u0131;<\/h4>\n<\/li>\n<li>\n<h4>\u0130stehsalatda b\u0259db\u0259xt hadis\u0259l\u0259rin qeydiyyat\u0131 jurnal\u0131n\u0131n formas\u0131.<\/h4>\n<\/li>\n<li>\n<h4>Yan\u011f\u0131n t\u0259hl\u00fck\u0259sizliyi \u00fczr\u0259 giri\u015f t\u0259limat\u0131n\u0131n qeydiyyat\u0131 jurnal\u0131n\u0131n formas\u0131.<\/h4>\n<\/li>\n<li>\n<h4>T\u0259\u015fkilat\u0131 \u0259mrl\u0259r\u0259rin qeydiyyat\u0131 jurnal\u0131.<\/h4>\n<\/li>\n<li>\n<h4>\u018fm\u0259yin m\u00fchafiz\u0259si \u00fczr\u0259 t\u0259rtib olunmu\u015f t\u0259limatlar\u0131n \u00fcm\u00fcmi m\u0259cmu\u0259si.<\/h4>\n<\/li>\n<\/ol>\n<h4 style=\"text-align: left;\"><strong><u>B\u00f6lm\u0259 8. \u0130stehsalatda b\u0259db\u0259xt hadis\u0259l\u0259rin t\u0259hqiqat\u0131n\u0131n r\u0259smil\u0259\u015fdirilm\u0259si \u00fc\u00e7\u00fcn s\u0259n\u0259dl\u0259r:<\/u><\/strong><\/h4>\n<ol style=\"text-align: left;\">\n<li>\n<h4>\u0130stehsalatda b\u0259db\u0259xt hadis\u0259 haqq\u0131nda akt;<\/h4>\n<\/li>\n<li>\n<h4>Qrup hal\u0131nda b\u0259db\u0259xt hadis\u0259nin (a\u011f\u0131r q\u0259za, \u00f6l\u00fcml\u0259 n\u0259tic\u0259l\u0259n\u0259n b\u0259db\u0259xt hadis\u0259nin) ara\u015fd\u0131r\u0131lmas\u0131 haqq\u0131nda akt);<\/h4>\n<\/li>\n<li>\n<h4>\u0130stehsalatda b\u0259db\u0259xt hadis\u0259 bar\u0259d\u0259 bildiri\u015f;<\/h4>\n<\/li>\n<li>\n<h4>Q\u0259za hadis\u0259si yerin\u0259 bax\u0131\u015f protokolu;<\/h4>\n<\/li>\n<li>\n<h4>B\u0259db\u0259xt hadis\u0259 zaman\u0131 z\u0259r\u0259r\u00e7\u0259kmi\u015fin dindirm\u0259 protokolu;<\/h4>\n<\/li>\n<li>\n<h4>B\u0259db\u0259xt hadis\u0259 \u015fahidl\u0259rinin dindirm\u0259 protokollar\u0131;<\/h4>\n<\/li>\n<li>\n<h4>V\u0259zif\u0259li \u015f\u0259xsin dindirm\u0259 protokolu;<\/h4>\n<\/li>\n<li>\n<h4>\u0130stehsalatda b\u0259db\u0259xt hadis\u0259nin n\u0259tic\u0259l\u0259ri v\u0259 g\u00f6r\u00fclm\u00fc\u015f t\u0259dbirl\u0259r bar\u0259d\u0259 m\u0259lumat.<\/h4>\n<\/li>\n<\/ol>\n<h4 style=\"text-align: left;\"><\/h4>\n<h4 style=\"text-align: left;\"><\/h4>\n<\/blockquote>\n<p>[\/vc_column_text][\/vc_column][\/vc_row]<\/p>\n","protected":false},"excerpt":{"rendered":"<p>[vc_row][vc_column][vc_column_text] \u018fM\u018fY\u0130N M\u00dcHAF\u0130Z\u018fS\u0130 \u00dcZR\u018f S\u018fN\u018fDL\u018fR PAKET\u0130N\u0130N M\u018fZMUNU. B\u00f6lm\u0259 1. \u018fm\u0259yin M\u00fchafiz\u0259si \u00fczr\u0259 \u0259mrl\u0259r: \u018fm\u0259yin M\u00fchafiz\u0259si \u00fczr\u0259 m\u00fcv\u0259kkilin (m\u0259sul \u015f\u0259xsin) t\u0259yin edilm\u0259si haqq\u0131nda \u0259mrin layih\u0259si; \u018fm\u0259yin m\u00fchafiz\u0259si t\u0259l\u0259bl\u0259ri \u00fczr\u0259 bilikl\u0259rin yoxlan\u0131lmas\u0131 \u00fczr\u0259 komissiyan\u0131n yarad\u0131lmas\u0131 haqq\u0131nda \u0259mrin, protokollar\u0131n v\u0259 s. s\u0259n\u0259dl\u0259rin layih\u0259si; Orta s\u0259viyy\u0259li r\u0259hb\u0259rl\u0259rl\u0259 v\u0259 ba\u015f m\u00fct\u0259x\u0259ssisl\u0259rl\u0259 \u0259m\u0259yin m\u00fchafiz\u0259si v\u0259 ilk yard\u0131m\u0131n g\u00f6st\u0259rilm\u0259si \u00fczr\u0259 t\u0259limin ke\u00e7irilm\u0259si [&hellip;]<\/p>\n","protected":false},"author":1,"featured_media":0,"parent":0,"menu_order":0,"comment_status":"closed","ping_status":"closed","template":"","meta":{"footnotes":""},"class_list":["post-2817","page","type-page","status-publish","hentry"],"_links":{"self":[{"href":"https:\/\/prt.az\/index.php?rest_route=\/wp\/v2\/pages\/2817","targetHints":{"allow":["GET"]}}],"collection":[{"href":"https:\/\/prt.az\/index.php?rest_route=\/wp\/v2\/pages"}],"about":[{"href":"https:\/\/prt.az\/index.php?rest_route=\/wp\/v2\/types\/page"}],"author":[{"embeddable":true,"href":"https:\/\/prt.az\/index.php?rest_route=\/wp\/v2\/users\/1"}],"replies":[{"embeddable":true,"href":"https:\/\/prt.az\/index.php?rest_route=%2Fwp%2Fv2%2Fcomments&post=2817"}],"version-history":[{"count":3,"href":"https:\/\/prt.az\/index.php?rest_route=\/wp\/v2\/pages\/2817\/revisions"}],"predecessor-version":[{"id":2820,"href":"https:\/\/prt.az\/index.php?rest_route=\/wp\/v2\/pages\/2817\/revisions\/2820"}],"wp:attachment":[{"href":"https:\/\/prt.az\/index.php?rest_route=%2Fwp%2Fv2%2Fmedia&parent=2817"}],"curies":[{"name":"wp","href":"https:\/\/api.w.org\/{rel}","templated":true}]}}