{"id":2911,"date":"2022-06-29T08:36:56","date_gmt":"2022-06-29T08:36:56","guid":{"rendered":"https:\/\/prt.az\/?page_id=2911"},"modified":"2022-06-29T08:36:56","modified_gmt":"2022-06-29T08:36:56","slug":"sample-page-5-3","status":"publish","type":"page","link":"https:\/\/prt.az\/?page_id=2911","title":{"rendered":"\u0130lk g\u00f6r\u00fc\u015f\u015f\u015f"},"content":{"rendered":"<p>[vc_row][vc_column][vc_column_text]<\/p>\n<ul>\n<li>\n<h3><strong>Sifari\u015f\u00e7inin m\u00fcbahis\u0259 predmeti v\u0259 h\u0259d\u0259fl\u0259rinin m\u00fc\u0259yy\u0259nl\u0259\u015fdirilm\u0259si.<\/strong><\/h3>\n<\/li>\n<li>\n<h3><strong>T\u0259r\u0259fl\u0259rin etik davran\u0131\u015f konturlar\u0131n\u0131n \u015f\u0259rtl\u0259\u015fdirilm\u0259si.\u00a0<\/strong><\/h3>\n<\/li>\n<\/ul>\n<p>[\/vc_column_text][\/vc_column][\/vc_row]<\/p>\n","protected":false},"excerpt":{"rendered":"<p>[vc_row][vc_column][vc_column_text] Sifari\u015f\u00e7inin m\u00fcbahis\u0259 predmeti v\u0259 h\u0259d\u0259fl\u0259rinin m\u00fc\u0259yy\u0259nl\u0259\u015fdirilm\u0259si. T\u0259r\u0259fl\u0259rin etik davran\u0131\u015f konturlar\u0131n\u0131n \u015f\u0259rtl\u0259\u015fdirilm\u0259si.\u00a0 [\/vc_column_text][\/vc_column][\/vc_row]<\/p>\n","protected":false},"author":1,"featured_media":0,"parent":0,"menu_order":0,"comment_status":"closed","ping_status":"closed","template":"","meta":{"footnotes":""},"class_list":["post-2911","page","type-page","status-publish","hentry"],"_links":{"self":[{"href":"https:\/\/prt.az\/index.php?rest_route=\/wp\/v2\/pages\/2911","targetHints":{"allow":["GET"]}}],"collection":[{"href":"https:\/\/prt.az\/index.php?rest_route=\/wp\/v2\/pages"}],"about":[{"href":"https:\/\/prt.az\/index.php?rest_route=\/wp\/v2\/types\/page"}],"author":[{"embeddable":true,"href":"https:\/\/prt.az\/index.php?rest_route=\/wp\/v2\/users\/1"}],"replies":[{"embeddable":true,"href":"https:\/\/prt.az\/index.php?rest_route=%2Fwp%2Fv2%2Fcomments&post=2911"}],"version-history":[{"count":1,"href":"https:\/\/prt.az\/index.php?rest_route=\/wp\/v2\/pages\/2911\/revisions"}],"predecessor-version":[{"id":2912,"href":"https:\/\/prt.az\/index.php?rest_route=\/wp\/v2\/pages\/2911\/revisions\/2912"}],"wp:attachment":[{"href":"https:\/\/prt.az\/index.php?rest_route=%2Fwp%2Fv2%2Fmedia&parent=2911"}],"curies":[{"name":"wp","href":"https:\/\/api.w.org\/{rel}","templated":true}]}}